 + 11*h**2 - 2*h**2 + h**3. Let p be g(-9). Let q(c) = 2*c**2 - 4*c - 4. What are the prime factors of q(p)?
2
Suppose -2*u + 5 = -7. Suppose -11*v = -u*v - 655. What are the prime factors of v?
131
Suppose -3 = j - 17. Let k = j - -21. What are the prime factors of k?
5, 7
Let p(t) = -9*t - 13. Let k be 4/14 + 19/7. Suppose -k*y = -y + 12. What are the prime factors of p(y)?
41
Suppose 58279 = 58*o - 45*o. List the prime factors of o.
4483
Let l be 4 - 6*(-4 + 6). Let f be ((-759)/(-44))/((-1)/l). Suppose 16*a = 19*a - f. What are the prime factors of a?
2, 23
Let p be 975/9 - 3/9. Let g(u) = -u**3 - 5*u**2 - 6*u - 5. Let n be g(-4). Suppose p = b + n*b. What are the prime factors of b?
3
Let b = -1016 + 2126. List the prime factors of b.
2, 3, 5, 37
Suppose 87 + 25 = q. Let b = q - 38. List the prime factors of b.
2, 37
What are the prime factors of (3 - -1) + (609 - -3)/3?
2, 13
Let v be 6/4 - 2/4. Let s(c) = 128*c**2 - 57*c**2 + c - 40*c**2 - 2. What are the prime factors of s(v)?
2, 3, 5
Let j = -40 + 40. Suppose b = 0, 2*h + 5*b - 17 - 37 = j. What are the prime factors of h?
3
Let i be 381/(-2)*4/(-6). Suppose -2*n + i = -x, -3*n - 4*x = -6*n + 178. List the prime factors of n.
2, 3, 11
Let b(o) = -2*o + 3. Let v be b(2). What are the prime factors of (-6)/((-24)/388)*(2 + v)?
97
Suppose 5*v - 7*v = -2*t - 2750, -2750 = -2*v + t. What are the prime factors of v?
5, 11
Let w = 7052 - 4408. List the prime factors of w.
2, 661
Suppose 6*k = 81 + 3. Let z = k + 12. What are the prime factors of z?
2, 13
Let u(m) = m**3 - 9*m**2 - 11*m - 6. Let l be u(10). List the prime factors of (l/10)/(20/(-450)).
2, 3
List the prime factors of 1*(1339 + (3*-4)/2).
31, 43
Let y(b) = -7*b - 4. Let i be y(-1). Let j(v) = 6*v**3 - 8*v**3 - 3*v**3 - i*v**2 + 1 + 3*v + 2*v**3. What are the prime factors of j(-3)?
2, 23
Let r(a) be the third derivative of a**5/30 - 5*a**4/24 + a**3/2 - a**2. What are the prime factors of r(6)?
3, 5
Suppose 4*l + 3*w = -154, -3*l - 74 - 27 = -5*w. Let p = 84 + l. What are the prime factors of p?
47
Let t = -43 - -99. Let b = 78 - t. What are the prime factors of b?
2, 11
Let g be 6*(1*-28)/4. Let q = 84 + g. What are the prime factors of q?
2, 3, 7
Let u(b) = b**3 - 6*b**2 + 3*b - 1. Let v be u(2). Let c be (-6)/12 + v/(-2). Suppose -197 = -4*l + j, c*j + 201 = 4*l - 0*l. List the prime factors of l.
7
Suppose 118*t = 109*t + 23094. List the prime factors of t.
2, 1283
Let o = -530 + 1982. What are the prime factors of o?
2, 3, 11
Let z = 2475 - -2648. What are the prime factors of z?
47, 109
Let r(t) = t**3 - 5*t**2 + 5*t - 2. Let j be r(4). Suppose 7 = j*f - 65. Suppose -14*o = -10*o - f. List the prime factors of o.
3
Let n = 459 + 350. List the prime factors of n.
809
Let q(s) = s**2 - 10*s - 8. Let n be q(11). Suppose 4*m - 60 = -4*i, 5*i - n*m - 2*m = 105. List the prime factors of 2 - 3 - (0 - i).
17
Let s = 222 - 152. Let l = s + -37. List the prime factors of l.
3, 11
Let w(s) = 7*s + 0 - 6*s**3 - 4 + 7*s**2 + 7*s**3. Let r be w(-6). What are the prime factors of (-3 - (0 + r))*1?
7
Suppose 0 = -4*p + v - 9, -3*p = -6*p + 4*v - 10. Let k be (p/4)/(1/(-10)). Suppose k*x + 92 = 2*b, -3*x + 70 = 3*b - 89. List the prime factors of b.
3, 17
Let o(w) = -78*w + 64. What are the prime factors of o(-2)?
2, 5, 11
Suppose 4 = -j - 0. Let f(q) = -3*q - 7. Let w be f(j). Suppose 2*x - w*v = 11, x = 2*x + 5*v - 28. What are the prime factors of x?
13
Let w(a) = -4*a**2 + 15*a + 5. Let q(t) be the first derivative of t**3 - 5*t**2 - 3*t + 1. Let n(m) = 7*q(m) + 5*w(m). What are the prime factors of n(-8)?
2, 7
Suppose -5*x - o = -9265, -3*x - o + 1227 = -4332. List the prime factors of x.
17, 109
Let a(n) = n**3 + 5*n**2 + 4*n + 1. Let b be a(-4). Suppose c - b = 1. Suppose -2*q = l - 24, c*q + 2*l - 22 = -0*l. List the prime factors of q.
13
Suppose 555 = 10*r - 3915. List the prime factors of r.
3, 149
Let n(c) = c**3 + 15*c**2 + 10*c - 15. List the prime factors of n(-13).
193
Suppose -5*j = -3*c + 2*c - 1443, 2*c = 5*j - 1441. What are the prime factors of j?
17
Let y be (4/(-16) - -1)*168 - 1. Let n = y + -21. List the prime factors of n.
2, 13
Let b be (-8)/(-20) - 82/5. Let y = b - -32. List the prime factors of y.
2
Suppose -4*n + 3*n = 3*h + 2, -3*n = -2*h - 16. List the prime factors of n/12*(-1 + 1) - -30.
2, 3, 5
Let k = 184 - 53. List the prime factors of k.
131
Let c(j) = -j**2 - 11*j - 16. Let b be c(-8). Suppose -d = -3*u - 4, -2*d + 0*u = -u - b. What are the prime factors of -3 + (0 + d - -70)?
71
Let a(d) = -92*d + 17. Let f = 95 + -98. List the prime factors of a(f).
293
Suppose -2*h + 5*n + 10675 = 0, 5*n - 26670 = 10*h - 15*h. What are the prime factors of h?
5, 11, 97
Suppose 3*w + 2*o = 2 + 7, -6 = -2*o. List the prime factors of -1*(w - 0) - -4.
3
Suppose -2*n = 3*u + 2*u - 10, -25 = 5*u - 5*n. Suppose -4*i + 374 = -0*i + 5*d, 3*i - 2*d - 269 = u. What are the prime factors of i?
7, 13
Suppose 412 + 263 = 5*p. What are the prime factors of p?
3, 5
Let z(j) = -31*j - 6. List the prime factors of z(-21).
3, 5, 43
Suppose 5*k = 5*a - 12 - 13, 3*k + 4*a = 20. Suppose 4*d - s = 2*d + 305, k = -2*d + 4*s + 308. What are the prime factors of d?
2, 19
What are the prime factors of (-1)/(0 + (-4)/2364)?
3, 197
Suppose 8*h - 5*h = -4*j + 4711, -2*h - 4*j = -3134. What are the prime factors of h?
19, 83
Suppose 23*y = 20*y + 2436. List the prime factors of y.
2, 7, 29
Let x = 15 - 8. Suppose 5*w + n - 9 = 0, 5*w = -n - 2*n + x. Suppose -2*y - 13 + 75 = -3*u, 64 = 2*y - w*u. What are the prime factors of y?
2, 17
Let u be -2 - 10/(2 - 4). Suppose -u*x = -4*b + 52, -2*b = -4*b + x + 28. List the prime factors of b.
2
What are the prime factors of (4/(-2))/((-126)/30429)?
3, 7, 23
List the prime factors of (3 + (-22)/6)/(10/(-11145)).
743
Let k be (1 - 263)/(2 + 0). Let u = -21 - k. Let q = u - 62. What are the prime factors of q?
2, 3
Suppose 4*z - 5*z + x = -7, 3*z + 4 = -2*x. Suppose -k + 2*k = a - 1, 0 = z*k - 6. Suppose -8 = 3*s - a*s + 2*i, 4 = 3*s + 4*i. List the prime factors of s.
2
Suppose -k + 75 = 4*o, 2*k - 3*o - 106 = -0*k. List the prime factors of (k/(-3))/(3/(-9)).
59
Suppose 0 = 92*p - 73*p - 11894. What are the prime factors of p?
2, 313
Let h(i) = -13*i + 13 - 7*i - 27. What are the prime factors of h(-3)?
2, 23
Let c(q) = 34*q**2 - 18*q + 36. What are the prime factors of c(9)?
2, 3, 73
Let x(j) = -6*j - 14 + 5 - 1 - 16. List the prime factors of x(-17).
2, 19
What are the prime factors of (126360/(-9))/(-9) + 0?
2, 3, 5, 13
Suppose 5*q = 4*h - 44, -2*h + 1 = 9. What are the prime factors of q/(-8) - 1/(-2)?
2
What are the prime factors of 92872/172 + 50/1075?
2, 3, 5
List the prime factors of (-3 - 22)/(6/(2 - 56)).
3, 5
Let b(o) = 19*o. Let r be b(-4). Let w = r - -128. What are the prime factors of (w/12)/(1/6)?
2, 13
Suppose 3*v + k - 15 = 3*k, 5*k = -5*v + 25. Suppose -v*i = -8 - 7. Suppose i*p = 5*p - 12. List the prime factors of p.
2, 3
Let n(t) = 11*t**2 + 3*t + 3. Let g be n(-2). Let d = g - 59. What are the prime factors of 3/(d/21 - -1)?
3, 7
Suppose 5*s - 1 = -6. Let i be 1/s - (-1)/1. Suppose i*t = -2*t + 26. List the prime factors of t.
13
Suppose -g - 7*w + 3*w + 415 = 0, -3*g = w - 1201. Let d = -230 + g. List the prime factors of d.
13
Let v(y) be the first derivative of -y - 13. Let n(r) = -r - 7. Let j(f) = -n(f) - 5*v(f). List the prime factors of j(0).
2, 3
Let q = -436 + 788. List the prime factors of q.
2, 11
Let m(v) = -4*v. Let a be m(-3). Suppose -a*b = -5*b - 77. List the prime factors of b.
11
Let s = -246 + 347. Let g(c) = 2*c**2 - 5*c - 27. Let d be g(-8). Let z = d - s. What are the prime factors of z?
2, 5
Suppose -2*m - 3 + 45 = 4*u, -5*m - 4*u + 81 = 0. Let l(f) = 9*f - 10. Let i(z) = 12*z - 10. Let n(a) = -2*i(a) + 3*l(a). What are the prime factors of n(m)?
29
Let m(b) = b**2 - 16*b + 47. Let r(u) = -u**2 - 10*u + 3. Let a be r(-8). What are the prime factors of m(a)?
2, 13
Suppose -20 - 13 = -2*m - s, 4 = m + 3*s. Let u(f) = f**2 - 13*f + 1. What are the prime factors of u(m)?
5, 23
Let f = 205 + -28. What are the prime factors of f?
3, 59
Suppose 969*c = 984*c - 42765. List the prime factors of c.
2851
Suppose 10*c - 12351 = 12619. What are the prime factors